ts digit of v?
2
Let f = -15 - -19. What is the units digit of 1/(f/16)*1?
4
Let p be 2/(-4 - -2)*1. What is the tens digit of p*1 - (-3 + -8)?
1
Let l be (-1)/5 + 1/5. Suppose l*v = 3*v - 15, -3*h + 3*v = -12. What is the units digit of h?
9
What is the tens digit of 5/10*(69 - 1)?
3
Suppose -2*d - 7 = -g, d + 4*d - 32 = -3*g. Let h(q) = q**3 - 10*q**2 + 7*q + 12. Let r be h(g). Let w = 10 + r. What is the units digit of w?
4
Suppose 4*j - j = 519. What is the tens digit of j?
7
Suppose 5*y - 10 = -6*u + u, 4*y = 4*u + 40. What is the units digit of (-12)/y - -1*9?
7
Suppose 29 = v + 4. What is the units digit of v?
5
Let w(h) = h**2 + 8*h - 5. Let i be w(-7). Let u = i + 7. Let z(a) = 2*a**2 + 8*a + 4. What is the units digit of z(u)?
4
Suppose 5*c + 141 - 6 = 0. Let s = c + 49. What is the tens digit of s?
2
Suppose 0 = 2*t - 5*c - 187, 2*t - c = -3*c + 222. What is the units digit of t?
6
Let t be 2/(-1)*4*1. Let m = -4 - t. Suppose 60 = m*w + w. What is the tens digit of w?
1
Let r(d) = d**3 + 6*d**2 + 4*d - 3. Let f be r(-5). Let s(j) = j**3 - 5*j**2 - 2*j + 2. Let v be s(6). Suppose -f*c = -v + 2. What is the units digit of c?
2
Let t = 299 + -189. Suppose -y = -3*r - 8, -5*y - 3*r + t = -4*r. What is the tens digit of y?
2
Let x(d) = -14*d - 3 + 13*d**2 - 3*d**3 + 4*d**3 + 6. What is the units digit of x(-14)?
3
Let f(o) = o + 9. Suppose 6*u = 4*h + u + 17, u = -3*h - 27. Let c = h - -1. What is the units digit of f(c)?
2
Suppose 3 = 2*x - 1. Let q(u) = u + 4*u + 2*u**x - 3*u**2. What is the units digit of q(3)?
6
Let y = -1 - 0. Let f = y + 6. What is the units digit of f?
5
Let w(g) = -g**3 + 15*g + 12. What is the units digit of w(-5)?
2
What is the units digit of 273/7 + 20/4?
4
Let i(g) = -10*g**3 - 1. Let d be i(-1). Let r be 241/d + (-10)/(-45). What is the units digit of (r/2)/(-3)*-2?
9
Let c = -3 + 6. Let n be -4*((-28)/8 + 3). Suppose -c*u - 36 = -3*v, -n*v + 61 = 3*v - 4*u. What is the units digit of v?
3
Suppose -3*v + 6*b = 2*b - 367, 2*v + 5*b - 283 = 0. What is the units digit of v?
9
Let t = 29 - 21. What is the units digit of t?
8
Let j = 53 - 15. What is the tens digit of j?
3
Let h(w) = -w**3 - 2*w**2 + 7. What is the tens digit of h(-6)?
5
Let g = -80 + 169. What is the units digit of g?
9
Suppose 3 = 5*g - 4*w + 20, 0 = g + 2*w - 5. What is the units digit of ((-1 - -3) + -11)*g?
9
Suppose -4*g - 22 = -3*d + 6, -5*d - g = -16. Suppose -2*l - d*r + 3 = -33, -27 = -4*l + r. What is the units digit of l?
8
Let k = -80 + 152. What is the units digit of k?
2
What is the units digit of 6*4/(-6) + (237 - 2)?
1
Let y(f) = -10*f**3 - 21*f**2 - 5*f + 9. Let l(u) = -3*u**3 - 7*u**2 - 2*u + 3. Let b(p) = -7*l(p) + 2*y(p). What is the units digit of b(-6)?
9
Suppose -3*s + 5*o = -779, -o - 787 = 2*s - 5*s. What is the hundreds digit of s?
2
Let l = 43 + -27. Suppose l = -0*o + 4*o. Suppose -o - 36 = -4*v. What is the units digit of v?
0
Let w = 4 + -4. Suppose -4*j + 1 + 3 = w. What is the units digit of j?
1
Let k(y) = 330*y**2 + y + 2. What is the units digit of k(1)?
3
Let j = 1 - 2. Let l be 2*((-9)/(-6) + j). What is the units digit of (2/2)/l*1?
1
Let g be (-1)/(-4) + (-57)/(-12). Suppose 5*r = -w - 2*w + 47, 5*r = g. Suppose 3*o + 5*c = -0*o - w, 0 = -3*o + 3*c + 18. What is the units digit of o?
2
Suppose -108 = -2*a + 5*a. What is the units digit of (a/(-3))/(-4 - -6)?
6
Let m = 38 - 4. What is the units digit of m?
4
Suppose 6 = l - 16. Let j be -3 + 39/(-3) + 3. Let m = l + j. What is the units digit of m?
9
Let w(q) = -q**3 + 2*q - 1. Let b be 1/(-4) + (-9)/(-4). Suppose -d = 1 - b, -10 = 3*g - 4*d. What is the units digit of w(g)?
3
Let v(g) = -g**2 - 8*g - 9. Let k be v(-6). Let r = k + 2. What is the units digit of r?
5
Suppose 0*h + 3*i + 34 = 2*h, i = 2*h - 26. Suppose 0*v = v - h. What is the tens digit of v?
1
Suppose 5*y - 3 = 2*a, -a = -2*y - 2*y + 6. Let d = a + -3. Suppose -d*n + 20 = 2*n. What is the units digit of n?
4
Suppose -s + 4 = 5*v, -s + 5*v = 3*s - 116. What is the units digit of s?
4
Let k(l) = l**3 + 7*l**2 + 6*l - 3. Let r be k(-6). Let g be r*3/6*-2. Suppose 0 = 4*d + 5*c - 73, d - 6*d = g*c - 88. What is the tens digit of d?
1
Let r(x) = -2*x**3 + 3*x**2 + 6*x - 7. Let u(v) = -v**3 + 2*v**2 + 3*v - 4. Let s(i) = -4*r(i) + 9*u(i). What is the tens digit of s(6)?
1
What is the units digit of (-92)/5*10/(-4)?
6
Let y be 10/(-35) - 38/14. Let t be (0 - 4/(-2))*y. What is the units digit of (-28)/t*6/4?
7
Let b = 38 + 6. What is the units digit of 2/11 - (-212)/b?
5
Let r(k) = -k**3 - 8*k**2 + 10*k + 12. Let x be r(-9). Let m(n) = -n**3 + 5*n**2 + 2*n - 1. What is the tens digit of m(x)?
2
Suppose -5*i = -2*w - 7, 2*i = -4*w - 3*i - 29. Let p = w - -13. What is the units digit of p?
7
Let m(w) = -w - 7 + 0 + 3. Let n be m(-7). Suppose 0*l = l - v - n, 5*v = 4*l - 7. What is the units digit of l?
8
Let r = 12 - 22. Let n be ((-24)/r)/((-6)/(-45)). Suppose n = -g + 3*g. What is the units digit of g?
9
Let n = -8 + 49. Suppose n + 5 = h. What is the units digit of h/8 + 2/8?
6
What is the units digit of 0 - -1*(-2 + 18)?
6
Suppose -k - 3*k - 5 = q, 4*k - 5*q - 25 = 0. Suppose 5*b + 0*b - 75 = k. What is the tens digit of b?
1
Suppose 5*d = k + 27 + 241, -3*k - 48 = -d. Let o = d - 33. Suppose 3*l + 0*u - o = 3*u, -3*u - 41 = -5*l. What is the units digit of l?
0
Suppose s = -2*s - 24. Let h be (-2)/(-7) + 585/35. Let q = s + h. What is the units digit of q?
9
What is the tens digit of (-10)/(-6)*195/13?
2
Let a(x) = x + 10. Let w(l) = l + 1. Let k be w(-1). What is the tens digit of a(k)?
1
Let z = -16 - -58. Let r = z + -25. What is the tens digit of r?
1
Let q(v) = 14*v**3 + 4*v**2 - 7*v + 4. What is the units digit of q(2)?
8
Suppose 2*p = 3*b + 74, 2*p + 5*b - 46 = b. Suppose 2*x + 10 = 0, 4*h - p = 5*x + 6. Suppose 4*q = h + 13, -5*i + 9 = -4*q. What is the units digit of i?
5
Let u(y) be the second derivative of -5*y**3/3 - y**2/2 - 4*y. What is the units digit of u(-1)?
9
Suppose 0 = 2*f - 0*f + 2. Let y be (f + 2 - -1)*5. Suppose -4*l + y = l. What is the units digit of l?
2
Let v(n) = 2*n + 6. Suppose -g = -0 + 2. Let z be 3/(-6)*5*g. What is the units digit of v(z)?
6
Let c be (292/(-20))/((-1)/5). Let j = c - 36. What is the tens digit of j?
3
What is the tens digit of (-1307)/(-7) + (1 - (-30)/(-42))?
8
Let v be ((-2)/4)/(2/(-12)). Suppose -v*a + 23 = 2*r - 0, -r + 17 = -4*a. What is the units digit of r?
3
Suppose -o = -3*o + 26. What is the units digit of o?
3
Let t be 3/3 - 3 - 2. Let y be 2/(-4) + (-2)/t. Suppose y = i - 15 + 4. What is the units digit of i?
1
Suppose -3*i = -0*k + 3*k + 108, 4*k + i + 156 = 0. What is the tens digit of k/(-14)*14/4?
1
Let q be (-24)/(-9) - (-4)/12. Suppose -q*i - 3 = 2*o, 4*i + 1 + 4 = -3*o. What is the units digit of i?
1
Let m = 10 + -7. Let h = 2 - m. Let c = h - -4. What is the units digit of c?
3
Let o be 4 - 5 - 6/2. Let m = o - -6. What is the units digit of m?
2
Let k(s) = s**3 - s**2 + 5*s. Let p be k(5). Suppose -5*v = -5*x - p, 43 = 2*v - 4*x + 1. What is the units digit of v?
9
Suppose 4*g - 131 = -g - 2*d, 0 = -2*g + d + 56. What is the units digit of g?
7
Suppose 5*i - 5860 + 640 = 0. What is the tens digit of i/28 - 6/21?
3
Let c(f) = f**3 - 12*f**2 + 10*f + 4. Let q be c(11). What is the units digit of ((-6)/q)/(5/105)?
8
Let m(j) be the second derivative of -1/3*j**3 + 1/12*j**4 - j**2 + 0 - 2*j. What is the units digit of m(-2)?
6
What is the tens digit of (1 - -25) + -12 + 7?
2
Suppose 4*j + 2*s - 104 - 52 = 0, 0 = -j + 5*s + 17. What is the tens digit of j?
3
Let a(k) = 41*k**2 - 4*k - 4. What is the tens digit of a(-2)?
6
Suppose 0 = -4*j + w + 12, 0*w - 5*w = 5*j - 15. Let o(f) = -j + 3 - 2 + 2*f. What is the units digit of o(5)?
8
Let j(p) be the third derivative of p**4/24 + 55*p**3/6 + 11*p**2. What is the tens digit of j(0)?
5
Let j = -124 + 140. What is the units digit of j?
6
What is the tens digit of -1 + 4*(10 + -1)?
3
Let n(t) = -1 - 18*t + 1 - 30*t. Let m be n(-1). Suppose -4*x - x + m = -3*d, -4*d + 23 = 3*x. What is the units digit of x?
9
Suppose -w - 4 = 2. Let r(a) = -3*a. What is the units digit of r(w)?
8
Suppose -3*o + 93 = -0*o. Suppose 2*p = -3*n + 9, 5*n + 0*n - 2*p - o = 0. Suppose -2*l = t + 2, -5